y) = 2*y**2 - 20*y + 12. Let l be 3 - (-1)/(13/3 - 4). Let d be ((-4)/l)/(6/81)*-1. Let f be g(d). Let u(m) = m**3 + 7*m**2 + 8*m + 3. What is u(f)?
-9
Suppose 0 = -12*v + 24*v - 8820. Let d(i) = -740 + 2*i**2 + 6*i + v + 2*i. Give d(-5).
5
Suppose -50 + 45 = -20*i - 85. Let h(p) = -p + 2*p - 2*p + 3. Give h(i).
7
Let t(h) = 14*h**3. Let z(l) = l**3 + 11*l**2 - 26*l - 18. Let p be z(-13). Let b = -17 - p. Determine t(b).
14
Suppose -27*q = -25890 + 25593. Let j(o) = o**3 - 9*o**2 - 19*o - 27. Give j(q).
6
Let f(w) = -23*w - 558 - 59*w + 155*w - 26*w - 35*w. Give f(46).
-6
Let c(g) = -2*g - 15. Let q(b) = b - 2. Let y(r) = -c(r) + 2*q(r). Let d(u) = -u - 1. Let a(v) = -3*d(v) - y(v). Give a(-8).
0
Let h(p) be the first derivative of p**3/3 + 5*p**2/2 - 72*p + 7. Let v be h(6). Let u(i) = -3*i - 6. Determine u(v).
12
Suppose 4*k + 33 = k. Let i = 4 - k. Let a(x) = x**3 - 15*x**2 + x - 19. Let u be a(i). Let n(j) = -j**2 - 3*j + 4. Give n(u).
0
Let z(m) = m + 1. Let i(c) = c + 3. Let d(g) = i(g) - 2*z(g). Suppose -3*p + 10686 = -5*s + 10704, -5*s = -2*p - 17. Calculate d(p).
2
Let m(d) = 15*d**3 - 26*d**2 + 11*d + 1. Let t(x) = 7*x**3 - 13*x**2 + 6*x. Let y(v) = 6*m(v) - 13*t(v). Let i be 28/154 - ((-152)/11 + 2). What is y(i)?
6
Let o(h) = h**3 + h**2 + 2*h + 1. Suppose -19*n + 24 = 3*x - 15*n, 3*n + 11 = 5*x. Let p(y) = 3*y**3 + 13*y**2 + 10. Let f(q) = x*o(q) - p(q). Give f(8).
-6
Let f(a) = -3*a - 20. Suppose -5*c - 10 = -78*k + 73*k, -3*c = 3*k + 6. Let n(p) = 11*p + 13. Let y be n(c). What is f(y)?
7
Suppose -5*v - 6 = 4. Let d(t) = -110*t - 143. Let b(m) = 32*m + 42. Let z(u) = 17*b(u) + 5*d(u). Determine z(v).
11
Let v be 17*((4 - -6) + -9). Let m be (-4)/(-18) - 178/(-9). Let p(i) = m - i - v + 2*i. Calculate p(-3).
0
Let d(f) = 5*f**3 - 2*f**2 + 2*f - 1. Let w be d(1). Let b(a) = -67*a**2 - 6*a + 2. Let i(s) = 156*s**2 + 13*s - 5. Let p(j) = 7*b(j) + 3*i(j). Give p(w).
-29
Let z(g) = -9*g**2 + 6*g**2 + 450*g**3 + 2*g**2 - 451*g**3 + 1. Let q(r) = r**3 - 2*r**2 + 1. Let x be q(2). What is z(x)?
-1
Let b(j) = -13*j - 2*j - 14 + 6*j + 13 - 10*j. Let v(s) = 2*s**3 + 2*s**2 + 2*s + 1. Let g be v(-1). Calculate b(g).
18
Let m(g) = 32*g + 101. Let v be m(-3). Suppose 2*y + 40 = 4*r, -4*y = -v*r + 65 - 9. Let c(i) = i - 11. Give c(r).
-3
Let s(j) = j**3 + 2*j**2 - j + 9. Let f(l) = 693*l - 4158. Let o be f(6). Calculate s(o).
9
Let s(g) = 2*g**2 + 10*g. Let j be (-20 + -4)/(-6) + (-6 - 5). Determine s(j).
28
Let h(v) be the first derivative of -3*v**2 + 6*v + 2. Suppose 15 = o - 2*b, -2*o + 156*b - 160*b - 10 = 0. Determine h(o).
-24
Let l be -12*(-1)/3 + -28. Let a = l + 26. Let z(y) = 4*y**3 - 3*y**3 - y**2 - a + 655*y - 654*y. What is z(-2)?
-16
Let u(g) = 46*g**2 - 16*g - 1. Let q(s) = 16*s**2 - s + 1. Let f(m) = -3*q(m) + u(m). Calculate f(-4).
16
Let b = 19429/2 + -9714. Let d(l) be the first derivative of -b*l**2 - 4*l - 12. What is d(3)?
-7
Let q(j) = 17. Let z(x) = -x + 15. Let m(o) = -2*q(o) + 3*z(o). Let a(w) = -8*w + 22. Let s(b) = 2*a(b) - 5*m(b). Calculate s(-7).
-4
Let x(d) = -d - 1. Let j(a) = -6*a - 33. Let s(m) = j(m) - 4*x(m). Let i be s(-19). Let f(y) = -i*y - 2 + 29*y - 10*y - 11*y. Calculate f(-6).
4
Let o = -5886 + 5869. Let u(r) = 2*r**2 + 38*r + 71. Calculate u(o).
3
Let u(j) = 4*j + 18. Let a(q) = -10*q + 207. Let r = 734 - 712. Let i be a(r). What is u(i)?
-34
Suppose 30*p + 300 = 570. Let g(q) = q**3 - 10*q**2 + 7*q - 6. Determine g(p).
-24
Let d(o) = -29. Let y(i) = -3*i - 22. Let l(a) = d(a) - y(a). Calculate l(0).
-7
Let w(p) = -9*p**2 - 2*p. Let x be 8/120*12 + 42/(-15). What is w(x)?
-32
Let i(y) be the second derivative of y**3/2 - 33*y**2 - 158*y. Calculate i(22).
0
Let t = -21319 + 21319. Let g(q) be the third derivative of 0 - 5/6*q**3 - 1/15*q**5 + t*q - 1/120*q**6 + 35*q**2 + 1/6*q**4. Determine g(-5).
0
Suppose -9249*i - 220 = -9227*i. Let b(g) = g**2 - 10*g - 18. What is b(i)?
182
Let z(h) = h**3 + 3*h**2 + 10*h + 4. Suppose 16 = -5*x - 4*b, -5*b = x - 42 + 41. Give z(x).
-52
Let i(u) = -39*u - 277. Let l be 192/(-44) + 4 - 4745/715. What is i(l)?
-4
Let u(f) = -2*f**2 + f - 1. Let s(i) = 3*i**2 - 37*i - 1313. Let v be s(28). What is u(v)?
-16
Let z be (6*(-4)/(-32))/(69/(-36) + 2). Let u(i) = -i**2 + 2*i + 9. Calculate u(z).
-54
Let g(b) = b**3 + 23*b**2 - 50*b - 2. Suppose 0 = 9*o + 130 + 95. What is g(o)?
-2
Let x(s) = -17*s + s**3 + 27 + 220*s**2 + 4 - 20 + 6 - 231*s**2. What is x(12)?
-43
Let h(v) be the second derivative of 5*v**3/6 + 30*v**2 - 4105*v. Determine h(-14).
-10
Let m be 1/((-44)/(-96)) + (-4)/22. Let n(y) = -y**2 - 4 + y**3 + 104*y - y**2 - 106*y + 0*y**m. Let i(o) = -o**2 - 8*o - 4. Let s be i(-7). Determine n(s).
-1
Let z be (25/(-10) - -4)*(-8)/(-6). Let i(j) = -3*j - 2 + 7*j + z + 2. Determine i(2).
10
Let o(i) be the third derivative of 0 + 1/6*i**3 - 96*i - 4/3*i**4 - 2*i**2. Determine o(-1).
33
Let o(z) be the third derivative of -5*z**4/8 - 107*z**3/6 + 2*z**2 + 18*z - 12. Give o(-9).
28
Suppose f - 11240 = -4*f. Let z(r) = 4 - f*r**3 + 1124*r**3 + 1125*r**3 + 6*r**2 + 7*r. Determine z(-5).
-6
Suppose -2*t + 4 = 5*a, 2*t - a - 4 = -0. Let r be -4 + 20/t - (1 - 0). Let q(f) = f**2 - 2*f - 4. Calculate q(r).
11
Suppose 0 = -13*b + 18*b - 4380. Let k(x) = -b + x - 882 + 1751. Let q be 2/8 + 1/(-4). Give k(q).
-7
Let w(u) = -2*u - 10 - 17*u + 18*u + u**3 + u**2. Suppose 3*m - 25 = -2*m. Suppose -8*d = -5 + m. Determine w(d).
-10
Let b(z) = 2*z - 3. Let c = 568 - 286. Let w = 277 - c. What is b(w)?
-13
Let s(c) = -472*c - 2351. Let b be s(-5). Let u(x) = x**2 - 7*x - 21. Determine u(b).
-3
Let r(y) = y**2 - 3*y - 3. Let a be r(4). Let z(n) = 46824209 + 15*n - 46824209. What is z(a)?
15
Let h = -6133 - -6137. Let g(i) = -i**3 + 2*i**2 + 6*i + 4. Determine g(h).
-4
Let o(a) = 3*a + 7. Let j(y) = 0*y - 2*y + 8 + 4*y. Suppose 0 = 3*f - 2*l - 7, 101*f + 2*l = 102*f + 3. Let n(k) = f*j(k) - 4*o(k). Give n(8).
-4
Let b(l) be the second derivative of -2*l**2 - 2 - 2/3*l**3 + 4*l. Determine b(-5).
16
Let a(m) = m**3 - 8*m**2 + 5*m + 15. Let g(p) be the third derivative of p**6/120 + 11*p**5/60 + 3*p**4/8 - p**3/2 - 48*p**2. Let j be g(-10). Determine a(j).
1
Let c(k) = 28*k - 1. Suppose 51134*o = 51145*o. Give c(o).
-1
Let c = 5116 - 5121. Let r(f) = -2*f**2 - 10*f - 18. Give r(c).
-18
Let i(p) = -p**3 - 10*p**2 - p + 11. Let w be (3/(-2))/((-14)/(-1988)). Let q = w - -203. Determine i(q).
21
Let p(z) be the first derivative of -z**5/20 - z**4/12 + z**3/6 + 4*z**2 + 75*z - 16. Let i(l) be the first derivative of p(l). What is i(0)?
8
Let i(z) = -z**3 - 26*z**2 - 51*z - 68. Suppose -4*w - 6*d = 102, -32*w - 2*d = -29*w + 74. Calculate i(w).
4
Suppose 25 = m + 21. Let x(t) = 2*t**3 - 10*t**2 + 3*t + 3. Determine x(m).
-17
Let i(f) = -f**3 + 3*f**2 - 4. Let g(r) = 7*r**2 - 29*r + 2. Let l(j) = -15*j**2 + 62*j - 4. Let n(q) = 13*g(q) + 6*l(q). Let w be n(5). Calculate i(w).
0
Let f(s) be the second derivative of 1/20*s**5 + 0*s**3 + 3/2*s**2 + 0 - 1/4*s**4 - 68*s. Calculate f(3).
3
Let q(o) be the third derivative of -o**7/2520 - o**6/80 - o**5/20 - o**4/4 + o**3 - 3*o**2. Let u(x) be the second derivative of q(x). What is u(-9)?
-6
Let j be (-266)/35*(-5)/(-4)*-4. Let a(p) = 2*p + 18. Let o be a(-8). Let d(h) = 0*h**3 + j*h**o + 5*h - 41*h**2 - h**3 - 5. Give d(-5).
20
Let n be 30/(-25)*10/(-4). Let c(i) = i**2 - 236*i + 204*i + 28*i. What is c(n)?
-3
Let n(m) = m**3 - 11*m**2 + 25*m + 7. Let y be n(4). Let c(k) = -2*k**3 - 7*k**2 - 4*k + 2. Calculate c(y).
97
Let q(h) = 0*h**2 - h**2 - 5*h + 6 + 0*h**2. Let c be (1272/(-1060))/(2/10). What is q(c)?
0
Let t = 82 + -199. Let h = -107 - t. Suppose 5*z + 0 - 18 = g, -3*z + g + h = 0. Let m(r) = -r**3 + 6*r**2 - 7*r + 4. Calculate m(z).
8
Let g(f) = -9*f + 1. Let p(j) = -j**2 - 16*j - 20. Let x be (3 + 2)/(-1) + -3*1. Let b be p(x). Let w = 42 - b. What is g(w)?
19
Let b(s) be the third derivative of -s**5/60 + 7*s**4/24 - 3*s**3/2 - s**2 - 47*s. Determine b(7).
-9
Suppose -11 = -5*r + 9. Suppose -4*m = r*q - 52, 3*m - 6 = 6. Let y(h) be the first derivative of -h**3/3 + 9*h**2/2 - 2*h - 2. Determine y(q).
-2
Let s(g) = -g**2 - 19*g - 37. Let o be ((-430)/35 + 12)*56. Determine s(o).
11
Let w be -1 + 3 - (3 - 1)*-1. Let j be 10/(w + -6)*(-21)/